{"id":1640,"date":"2015-04-05T00:30:40","date_gmt":"2015-04-05T05:30:40","guid":{"rendered":"https:\/\/papeleriaempresarial.com?product=tarjetas-de-presentacion-plastificado-mate"},"modified":"2025-06-05T22:45:55","modified_gmt":"2025-06-06T03:45:55","slug":"tarjetas-de-presentacion-plastificado-mate","status":"publish","type":"product","link":"https:\/\/papeleriaempresarial.com\/?product=tarjetas-de-presentacion-plastificado-mate","title":{"rendered":"250 Tarjetas de Presentaci\u00f3n Mate Corporativas"},"content":{"rendered":"<div>\n<p>Las\u00a0<strong>tarjetas de visita online<\/strong>\u00a0se pueden realizar en una gran variedad de tama\u00f1os, formas y materiales, pero la\u00a0<strong>medida de tarjetas<\/strong>\u00a0m\u00e1s com\u00fan es el tama\u00f1o 90&#215;55\u00a0mm. en una cartulina de entre 300 y 400 gr. de espesor.<\/p>\n<p>Entre esta gran variedad de materiales, esta el papel o cart\u00f3n en sus diferentes, espesores y acabados como el plastificado, barnizado o verjurado. Tambi\u00e9n se utiliza el pl\u00e1stico o Pvc r\u00edgido o el polipropileno translucido para crear un efecto distinto e impactante.<\/p>\n<p>Tambi\u00e9n se puede innovar al imprimir\u00a0<strong>tarjetas de visita personalizadas<\/strong>\u00a0en cuanto a lo que el tama\u00f1o y forma se refiere, haci\u00e9ndolas con formas cuadradas, ovaladas redondas, o simplemente troquel\u00e1ndolas con la forma del logotipo de la empresa.<br \/>\nOtros detalles en custion de acabados son los barnizados, laminados, troqueles de relieve, laminas plateadas o doradas insertadas en caliente, asi como los barnices selectivos que destacan de forma brillante zonas concretas del dise\u00f1o de las tarjetas.<\/p>\n<p>Respecto a la\u00a0<strong>historia de las tarjetas de visita<\/strong>, se dice que su aparici\u00f3n fue en china sobre el Siglo XV y dos siglos despu\u00e9s se implantaron en Europa. En el pasado era un producto exclusivo de la aristocracia y la clase alta aunque durante el siglo 20 se convirti\u00f3 en un elemento b\u00e1sico en cualquier negocio o empresa, convirti\u00e9ndose en algo imprescindible para cualquier persona que pretenda iniciarse en el mundo empresarial e introduciendose tambien en la vida domestica.<\/p>\n<p><strong>\u00bfQue Datos deben contener unas tarjetas personales de visita?<\/strong><\/p>\n<p>Hay una serie de datos que son imprescindibles para completar la informaci\u00f3n que deben ofrecer las tarjetas personales o de empresa. \u00a0El m\u00e1s importante como es l\u00f3gico son el nombre y los apellidos. \u00a0Fundamental es tambien ofrecer las m\u00e1ximas opciones en cuanto a contacto, siendo el principal\u00a0el tel\u00e9fono personal o del tel\u00e9fono de la empresa, el correo el\u00e9ctronico o email, e incluso contactos de skype o en redes sociales.<\/p>\n<p>Otros datos importantes aunque no imprescindibles para una tarjeta de visita son la direcci\u00f3n, la p\u00e1gina web, los perfiles sociales, etc.<\/p>\n<p>Para las\u00a0<strong>tarjetas de negocio<\/strong>, en donde el objetivo no es localizar a una persona en concreto, si no una empresa , se suelen introducir planos, logotipos e incluso codigos bidi o QR que poder escanear y que nos envien a una web o que directamente nos guarden el contacto en la agenda del tel\u00e9fono.<\/p>\n<p>En las tarjetas de empresa cuando la presentaci\u00f3n se hace de cualquiera de los miembros de la organizaci\u00f3n, se suele colocar su cargo o posicion dentro de la empresa. \u00a0Tambien se suelen ofrecer tel\u00e9fonos moviles y de empresa.<\/p>\n<p>En otros idiomas los nombres son los siguientes:<\/p>\n<\/div>\n<p><em>Catalan:\u00a0<\/em>targetes de visita<\/p>\n<p><em>English:\u00a0<\/em>business cards<\/p>\n<p><em>Estonian:\u00a0<\/em>visiitkaardid<\/p>\n<p><em>Haitian Creole:\u00a0<\/em>kat biznis<\/p>\n<p><em>Malay:\u00a0<\/em>Kad Perniagaan<\/p>\n<p><em>Norwegian:\u00a0<\/em>visittkort<\/p>\n<p><em>Slovak:\u00a0<\/em>vizitky<\/p>\n<p><em>Slovenian:\u00a0<\/em>vizitke<\/p>\n<p><em>Turkish:\u00a0<\/em>Kartvizit<\/p>\n<p><em>Frances: Carte de visite<\/em><\/p>\n","protected":false},"excerpt":{"rendered":"<p>Nuestras tarjetas de Presentaci\u00f3n son \u00fanicas, con gran Calidad<br \/>\n250 Tarjetas de Presentaci\u00f3n Tama\u00f1o 9&#215;5.4 centimetros<br \/>\nImpresas en Papel Propalcote de 300 gramos<br \/>\nFull Color Ambas caras 4&#215;4 tintas<br \/>\nImpresi\u00f3n Litogr\u00e1fica<br \/>\nTiempo de Entrega 4-5 d\u00edas habiles<\/p>\n","protected":false},"featured_media":1735,"comment_status":"open","ping_status":"closed","template":"","meta":{"_et_pb_use_builder":"","_et_pb_old_content":"","_et_gb_content_width":"","inline_featured_image":false,"_monsterinsights_skip_tracking":false,"_monsterinsights_sitenote_active":false,"_monsterinsights_sitenote_note":"","_monsterinsights_sitenote_category":0,"_joinchat":[]},"product_brand":[],"product_cat":[372,371,377,381],"product_tag":[408,396,409],"class_list":{"0":"post-1640","1":"product","2":"type-product","3":"status-publish","4":"has-post-thumbnail","6":"product_cat-impresiones","7":"product_cat-inicio","8":"product_cat-papeleria-impresa","9":"product_cat-tarjetas-de-presentacion-papeleria-impresa","10":"product_tag-tarjetas-de-presentacion-con-uv","11":"product_tag-tarjetas-de-presentacion-mate","12":"product_tag-tarjetas-de-presentacion-plastif","14":"first","15":"instock","16":"taxable","17":"shipping-taxable","18":"purchasable","19":"product-type-simple"},"aioseo_notices":[],"_links":{"self":[{"href":"https:\/\/papeleriaempresarial.com\/index.php?rest_route=\/wp\/v2\/product\/1640","targetHints":{"allow":["GET"]}}],"collection":[{"href":"https:\/\/papeleriaempresarial.com\/index.php?rest_route=\/wp\/v2\/product"}],"about":[{"href":"https:\/\/papeleriaempresarial.com\/index.php?rest_route=\/wp\/v2\/types\/product"}],"replies":[{"embeddable":true,"href":"https:\/\/papeleriaempresarial.com\/index.php?rest_route=%2Fwp%2Fv2%2Fcomments&post=1640"}],"wp:featuredmedia":[{"embeddable":true,"href":"https:\/\/papeleriaempresarial.com\/index.php?rest_route=\/wp\/v2\/media\/1735"}],"wp:attachment":[{"href":"https:\/\/papeleriaempresarial.com\/index.php?rest_route=%2Fwp%2Fv2%2Fmedia&parent=1640"}],"wp:term":[{"taxonomy":"product_brand","embeddable":true,"href":"https:\/\/papeleriaempresarial.com\/index.php?rest_route=%2Fwp%2Fv2%2Fproduct_brand&post=1640"},{"taxonomy":"product_cat","embeddable":true,"href":"https:\/\/papeleriaempresarial.com\/index.php?rest_route=%2Fwp%2Fv2%2Fproduct_cat&post=1640"},{"taxonomy":"product_tag","embeddable":true,"href":"https:\/\/papeleriaempresarial.com\/index.php?rest_route=%2Fwp%2Fv2%2Fproduct_tag&post=1640"}],"curies":[{"name":"wp","href":"https:\/\/api.w.org\/{rel}","templated":true}]}}