{"id":1675,"date":"2015-04-08T19:19:07","date_gmt":"2015-04-09T00:19:07","guid":{"rendered":"https:\/\/papeleriaempresarial.com?product=afiches-medio-pliego-70x50-cm"},"modified":"2025-06-05T11:44:41","modified_gmt":"2025-06-05T16:44:41","slug":"afiches-medio-pliego-70x50-cm","status":"publish","type":"product","link":"https:\/\/papeleriaempresarial.com\/?product=afiches-medio-pliego-70x50-cm","title":{"rendered":"1000 Afiches Tama\u00f1o 70&#215;50 cm (Medio Pliego)"},"content":{"rendered":"<p>Realizamos en Papeleria Empresarial, impresion de Afiches de Alta calidad en M\u00e1quinas industriales puestas a su disposici\u00f3n para asi poder realizar una publicidad efectiva en medios impresos y llegar a personas a trav\u00e9s de estas impresiones<\/p>\n<p>La impresi\u00f2n de Afiches Publicitarios de medio pliego, son especialmente dise\u00f1ados para mostrar a personas de su inter\u00e9s una informaci\u00f3n relevante, de algun evento, concierto o presentaci\u00f3n de un nuevo proyecto.<\/p>\n<p>Estos Afiches inicialmente por este precio los ofrecemos en papel propalcote de 115 gramos que son ideales para que se puedan distribuir y colocar en lugares indicados, siempre estos afiches por lo general son impresos en full color (a todo color) por la capacidad visual que presta el Tama\u00f1o Medio Pliego que es de 50&#215;70 centimetros.<\/p>\n","protected":false},"excerpt":{"rendered":"<p>Afiches Publicitarios en Papel Propalcote de 150 Gramos<br \/>\nTama\u00f1o de Papel de 70&#215;50 cms<br \/>\nImpresi\u00f3n en M\u00e1quina Litogr\u00e1fica para Cantidades<br \/>\nServicio a Domicilio Incluido<br \/>\nImpresi\u00f3n de Afiches Medio pliego con Domicilio Incluido<br \/>\nFull Color una Sola Cara<br \/>\nEntrega en Bogot\u00e1, Para envios Fuera de Bogot\u00e1, el pago del Envio esta a cargo del Comprador<br \/>\nTiempo de Produccion 2 a 3 D\u00edas o a Convenir.<\/p>\n<p>Ofrecemos Impresion de Medio Pliego en Propalcote desde 50 Unidades.<\/p>\n","protected":false},"featured_media":1674,"comment_status":"open","ping_status":"closed","template":"","meta":{"_et_pb_use_builder":"","_et_pb_old_content":"","_et_gb_content_width":"","inline_featured_image":false,"_monsterinsights_skip_tracking":false,"_monsterinsights_sitenote_active":false,"_monsterinsights_sitenote_note":"","_monsterinsights_sitenote_category":0,"_joinchat":[]},"product_brand":[],"product_cat":[387,371],"product_tag":[541,439,539,540],"class_list":{"0":"post-1675","1":"product","2":"type-product","3":"status-publish","4":"has-post-thumbnail","6":"product_cat-afiches-publicitarios","7":"product_cat-inicio","8":"product_tag-afiches-impresos-urgentes","9":"product_tag-afiches-medio-pliego","10":"product_tag-impresion-medio-pliego","11":"product_tag-medio-pliego-bogota","13":"first","14":"instock","15":"taxable","16":"shipping-taxable","17":"purchasable","18":"product-type-simple"},"aioseo_notices":[],"_links":{"self":[{"href":"https:\/\/papeleriaempresarial.com\/index.php?rest_route=\/wp\/v2\/product\/1675","targetHints":{"allow":["GET"]}}],"collection":[{"href":"https:\/\/papeleriaempresarial.com\/index.php?rest_route=\/wp\/v2\/product"}],"about":[{"href":"https:\/\/papeleriaempresarial.com\/index.php?rest_route=\/wp\/v2\/types\/product"}],"replies":[{"embeddable":true,"href":"https:\/\/papeleriaempresarial.com\/index.php?rest_route=%2Fwp%2Fv2%2Fcomments&post=1675"}],"wp:featuredmedia":[{"embeddable":true,"href":"https:\/\/papeleriaempresarial.com\/index.php?rest_route=\/wp\/v2\/media\/1674"}],"wp:attachment":[{"href":"https:\/\/papeleriaempresarial.com\/index.php?rest_route=%2Fwp%2Fv2%2Fmedia&parent=1675"}],"wp:term":[{"taxonomy":"product_brand","embeddable":true,"href":"https:\/\/papeleriaempresarial.com\/index.php?rest_route=%2Fwp%2Fv2%2Fproduct_brand&post=1675"},{"taxonomy":"product_cat","embeddable":true,"href":"https:\/\/papeleriaempresarial.com\/index.php?rest_route=%2Fwp%2Fv2%2Fproduct_cat&post=1675"},{"taxonomy":"product_tag","embeddable":true,"href":"https:\/\/papeleriaempresarial.com\/index.php?rest_route=%2Fwp%2Fv2%2Fproduct_tag&post=1675"}],"curies":[{"name":"wp","href":"https:\/\/api.w.org\/{rel}","templated":true}]}}