{"id":1686,"date":"2016-01-04T21:09:17","date_gmt":"2016-01-05T02:09:17","guid":{"rendered":"https:\/\/papeleriaempresarial.com?product=plegables-tamano-carta"},"modified":"2026-03-27T04:56:20","modified_gmt":"2026-03-27T09:56:20","slug":"plegables-tamano-carta","status":"publish","type":"product","link":"https:\/\/papeleriaempresarial.com\/?product=plegables-tamano-carta","title":{"rendered":"1000 Plegables Tama\u00f1o Carta 150 Grs"},"content":{"rendered":"<h2><strong>TR\u00cdPTICOS ONLINE<\/strong><\/h2>\n<h3><strong>IMPRESI\u00d3N DE TR\u00cdPTICOS PUBLICITARIOS<\/strong><\/h3>\n<p>Un\u00a0<b>tr\u00edptico<\/b>\u00a0es un folleto plegado en varios pliegues, generalmente dos, para la formaci\u00f3n de tres paneles con seis caras (2 por panel). Su nombre proviene de la palabra griega\u00a0<i>triptyche<\/i>, cuya traducci\u00f3n es \u201ctriple doblez\u201d. El tama\u00f1o habitual en colombia es Tama\u00f1o Carta\u00a0 (21.5&#215;28 cms) una vez que est\u00e1 completamente desdoblado.<\/p>\n<p>Por su superficie, la\u00a0<b>impresi\u00f3n de tr\u00edpticos<\/b>\u00a0permite ofrecer una mayor informaci\u00f3n al lector que otros formatos. Por ello, se emplean cuando nos interesa desarrollar un contenido con detalle, destacando aspectos b\u00e1sicos y principios de nuestros productos o servicios, ofertas o novedades.<\/p>\n<p>Es posible encontrarlos en el contexto de divulgaci\u00f3n informativa que, si bien siguen dentro del concepto de\u00a0<b>tr\u00edptico publicitario<\/b>, su impresi\u00f3n no va dirigida a la venta sino a la creaci\u00f3n de conciencia social sobre un tema en concreto. Es frecuente en el \u00e1mbito m\u00e9dico o social, repartidos a pie de calle en mano por parte de voluntarios o personal de organizaciones y asociaciones.<\/p>\n<p>Los tr\u00edpticos tambi\u00e9n se emplean como formato de impresi\u00f3n de\u00a0mapas, planos y <strong>cartas de men\u00fa de restaurante.<\/strong><\/p>\n<p>Los tr\u00edpticos suelen presentar siempre el mismo formato de plegado: pliegues en direcciones contrarias de forma que el panel central queda encerrado entre ambos exteriores, que act\u00faan como cubiertas (<b>plegado en acorde\u00f3n<\/b>). No obstante, no es la \u00fanica posibilidad. Otras ocasiones es posible encontrarnos con el\u00a0<b>plegado envolvente<\/b>, en el que ambos pliegues presentan la misma direcci\u00f3n, de forma que los paneles laterales se vuelven hacia delante, ocultando el panel central solo en su cara anterior.<\/p>\n<p>As\u00ed, el tr\u00edptico queda dividido en una secuencia de caras, en las que unas van delante de otras, por lo que es importante la organizaci\u00f3n adecuada de la informaci\u00f3n a lo largo de su superficie. Para que un tr\u00edptico resulte atractivo el material se deber\u00e1 distribuir de forma uniforme y equilibrada, teniendo en cuenta que seg\u00fan el tipo de plegado (envolvente o en acorde\u00f3n) la informaci\u00f3n que aparece en cada una de las caras est\u00e1 directamente relacionada con la que se encuentra a su lado.<\/p>\n<p>De esta forma, tenemos que tener en cuenta que, a la hora de\u00a0<b>imprimir tr\u00edpticos originales<\/b>, podemos guiar al lector a trav\u00e9s de la lectura de la informaci\u00f3n en una direcci\u00f3n a lo largo del texto.<\/p>\n<p>Es de vital importancia para que un tr\u00edptico sea completo y pr\u00e1ctico que se incluya la informaci\u00f3n de contacto, as\u00ed como planos de localizaci\u00f3n e im\u00e1genes abundantes que lo distingan y hagan \u00fanico.<\/p>\n<p>En\u00a0<b>Papeleria Empresarial <\/b>podr\u00e1 imprimir sus tr\u00edpticos baratos publicitarios, con una calidad\/precio excepcional especiales para informaci\u00f3n de productos, servicios o eventos.<\/p>\n<h3><strong>CARACTER\u00cdSTICAS<\/strong><\/h3>\n<p>Material: Papel de gramajes variados (90, 115, 150, 200, 240 y 300 g\/m<sup>2<\/sup>). Todas las opciones poseen dos acabados entre los que elegir, brillo o mate.<\/p>\n<p>En papeleriaempresarial.com encontrar\u00e1 las mayores opciones de impresi\u00f3n de tr\u00edpticos\u00a0 personalizados.<\/p>\n<p>Es posible seleccionar la orientaci\u00f3n del tr\u00edptico, ya sea vertical o cuadrado. Dentro de cada uno de los formatos podr\u00e1 seleccionar diferentes tama\u00f1os. El m\u00e1s frecuente empleado para imprimir tr\u00edpticos publicitarios es la medida Carta\u00a0en orientaci\u00f3n vertical.<\/p>\n<p>Podr\u00e1 personalizar el modo de plegado: el plegado envolvente (plegado normal) o en acorde\u00f3n (plegado en Z). Revise el apartado superior para m\u00e1s informaci\u00f3n sobre los tipos de plegado.<\/p>\n","protected":false},"excerpt":{"rendered":"<p>1000 Plegables Publicitarios en Propalcote tama\u00f1o Carta<\/p>\n<p>1000 Plegables 4&#215;4 Full Color<br \/>\nPapel Propalcote de 150 gramos esmaltado<br \/>\nTama\u00f1o Abierto: 28 cms x 21 cms<br \/>\nTres Cuerpos &#8211; 6 caras impresas<br \/>\nTiempo de Produccion 3 dias habiles<\/p>\n<p>Servicio de Entrega a Domicilio Incluida<\/p>\n","protected":false},"featured_media":1725,"comment_status":"open","ping_status":"closed","template":"","meta":{"_et_pb_use_builder":"","_et_pb_old_content":"","_et_gb_content_width":"","inline_featured_image":false,"_monsterinsights_skip_tracking":false,"_monsterinsights_sitenote_active":false,"_monsterinsights_sitenote_note":"","_monsterinsights_sitenote_category":0,"_joinchat":[]},"product_brand":[],"product_cat":[371],"product_tag":[442,445,448,441,447,443,446,444],"class_list":{"0":"post-1686","1":"product","2":"type-product","3":"status-publish","4":"has-post-thumbnail","6":"product_cat-inicio","7":"product_tag-impresion-de-plegables","8":"product_tag-impresion-de-plegables-economico","9":"product_tag-papeleria-a-domicilio","10":"product_tag-plegables","11":"product_tag-plegables-a-domicilio","12":"product_tag-plegables-impresos","13":"product_tag-plegables-impresos-en-bogota","14":"product_tag-plegables-para-empresas","16":"first","17":"instock","18":"sale","19":"taxable","20":"shipping-taxable","21":"purchasable","22":"product-type-simple"},"aioseo_notices":[],"_links":{"self":[{"href":"https:\/\/papeleriaempresarial.com\/index.php?rest_route=\/wp\/v2\/product\/1686","targetHints":{"allow":["GET"]}}],"collection":[{"href":"https:\/\/papeleriaempresarial.com\/index.php?rest_route=\/wp\/v2\/product"}],"about":[{"href":"https:\/\/papeleriaempresarial.com\/index.php?rest_route=\/wp\/v2\/types\/product"}],"replies":[{"embeddable":true,"href":"https:\/\/papeleriaempresarial.com\/index.php?rest_route=%2Fwp%2Fv2%2Fcomments&post=1686"}],"wp:featuredmedia":[{"embeddable":true,"href":"https:\/\/papeleriaempresarial.com\/index.php?rest_route=\/wp\/v2\/media\/1725"}],"wp:attachment":[{"href":"https:\/\/papeleriaempresarial.com\/index.php?rest_route=%2Fwp%2Fv2%2Fmedia&parent=1686"}],"wp:term":[{"taxonomy":"product_brand","embeddable":true,"href":"https:\/\/papeleriaempresarial.com\/index.php?rest_route=%2Fwp%2Fv2%2Fproduct_brand&post=1686"},{"taxonomy":"product_cat","embeddable":true,"href":"https:\/\/papeleriaempresarial.com\/index.php?rest_route=%2Fwp%2Fv2%2Fproduct_cat&post=1686"},{"taxonomy":"product_tag","embeddable":true,"href":"https:\/\/papeleriaempresarial.com\/index.php?rest_route=%2Fwp%2Fv2%2Fproduct_tag&post=1686"}],"curies":[{"name":"wp","href":"https:\/\/api.w.org\/{rel}","templated":true}]}}