{"id":1692,"date":"2016-01-05T00:23:02","date_gmt":"2016-01-05T05:23:02","guid":{"rendered":"https:\/\/papeleriaempresarial.com?product=1000-adhesivos-publicitarios-stickers"},"modified":"2026-04-22T00:35:57","modified_gmt":"2026-04-22T05:35:57","slug":"1000-adhesivos-publicitarios-stickers","status":"publish","type":"product","link":"https:\/\/papeleriaempresarial.com\/?product=1000-adhesivos-publicitarios-stickers","title":{"rendered":"1000 Adhesivos publicitarios -Stickers"},"content":{"rendered":"<p style=\"text-align: center;\"><strong>Adhesivos Publicitarios &#8211; Stickers Tama\u00f1o Tarjeta de Presentaci\u00f3n<\/strong><\/p>\n<p>Las <strong>Adhesivos<\/strong> son un buen m\u00e9todo para a\u00f1adir un toque original a cualquier lugar. Sirven para decorar art\u00edculos como vasos, botellas, prendas y cualquier producto que tenga en su imaginaci\u00f3n. Son \u00fatiles para se\u00f1alar zonas, lugares o direcciones o simplemente para hacer publicidad de su negocio, empresa o servicio. En este \u00faltimo caso, adem\u00e1s, pueden ayudarle a dar un toque de profesionalidad a sus productos al darle un aire novedoso a la vez que consigue reforzar su imagen corporativa.<\/p>\n<p>De esta forma, podemos deducir que presentan una inmensa versatilidad. Los adhesivos personalizados son ideales tanto para el uso privado como comercial.<\/p>\n<p>Para conseguir unos resultados \u00f3ptimos, es recomendable estudiar la finalidad de nuestros <strong>stickers<\/strong> antes de configurar sus caracter\u00edsticas y ordenarlos imprimir.<\/p>\n<p>En el contexto publicitario, la impresi\u00f3n de <strong>Adhesivos<\/strong> es una gran idea para crear un estilo de marketing de base. La idea de esta t\u00e9cnica es mantener detalles publicitarios sutiles, que no sean agresivos con la presentaci\u00f3n de productos, sino que consistan en un refuerzo en perfil bajo de la marca de la empresa. Para ello pueden emplearse un logo, un eslogan o el nombre de la compa\u00f1\u00eda. Todo ello, cuando se enmarca en un conjunto concordante con la l\u00ednea corporativa, permite generar una gran cantidad de detalles que, cuando son colocados en localizaciones estrat\u00e9gicas.<\/p>\n<p>Por otro lado, desde un enfoque m\u00e1s personal, pueden emplearse sobre paredes, puertas, ropa, coches, motos, \u2026 Pr\u00e1cticamente todo es posible.<\/p>\n<p>Adem\u00e1s, nuestros <strong>Adhesivos<\/strong> con completamente resistentes a los diferentes tipos de ambientes, por lo que es posible usarla en exteriores y bajo cualquier circunstancia.<\/p>\n<p>Imprimir <strong>Adhesivos<\/strong> online con Papeler\u00eda Empresarial es muy sencillo y obtendr\u00e1 unos resultados incomparables.<\/p>\n","protected":false},"excerpt":{"rendered":"<p><span style=\"color: #d0121a;\"><b style=\"color: #d0121a;\">Excelentes Stikers Para una Publicidad Audaz, <\/b><span style=\"color: #d0121a;\"><b>P\u00e9guelos<\/b><\/span><b style=\"color: #d0121a;\"> en las Tiendas, en todo lado<\/b><\/span>\u2026<\/p>\n<p>Especificaciones:<br \/>\nBrillante por 1 Cara<br \/>\nImpresi\u00f3n Litogr\u00e1fica<br \/>\nSemi corte para Mejor Desprendimiento<br \/>\nFull Color Una Cara<br \/>\nAdhesivo de Seguridad, que garantiza no Desprenderse<br \/>\nTama\u00f1o 9\u00d75.5 Cm<br \/>\nTiempo de Entrega 8 D\u00edas h\u00e1biles<\/p>\n","protected":false},"featured_media":1704,"comment_status":"open","ping_status":"closed","template":"","meta":{"_et_pb_use_builder":"","_et_pb_old_content":"","_et_gb_content_width":"","inline_featured_image":false,"_monsterinsights_skip_tracking":false,"_monsterinsights_sitenote_active":false,"_monsterinsights_sitenote_note":"","_monsterinsights_sitenote_category":0,"_joinchat":[]},"product_brand":[],"product_cat":[371],"product_tag":[466,462,460,463,465,464,461],"class_list":{"0":"post-1692","1":"product","2":"type-product","3":"status-publish","4":"has-post-thumbnail","6":"product_cat-inicio","7":"product_tag-adesivos-empresas","8":"product_tag-adhesivos-impresos","9":"product_tag-adhesivos-publicitarios","10":"product_tag-impresion-de-calcomanias","11":"product_tag-impresion-de-publicidad-empresas","12":"product_tag-impresion-de-publicitad-negocio","13":"product_tag-stickers-publicitarios","15":"first","16":"instock","17":"taxable","18":"shipping-taxable","19":"purchasable","20":"product-type-simple"},"aioseo_notices":[],"_links":{"self":[{"href":"https:\/\/papeleriaempresarial.com\/index.php?rest_route=\/wp\/v2\/product\/1692","targetHints":{"allow":["GET"]}}],"collection":[{"href":"https:\/\/papeleriaempresarial.com\/index.php?rest_route=\/wp\/v2\/product"}],"about":[{"href":"https:\/\/papeleriaempresarial.com\/index.php?rest_route=\/wp\/v2\/types\/product"}],"replies":[{"embeddable":true,"href":"https:\/\/papeleriaempresarial.com\/index.php?rest_route=%2Fwp%2Fv2%2Fcomments&post=1692"}],"wp:featuredmedia":[{"embeddable":true,"href":"https:\/\/papeleriaempresarial.com\/index.php?rest_route=\/wp\/v2\/media\/1704"}],"wp:attachment":[{"href":"https:\/\/papeleriaempresarial.com\/index.php?rest_route=%2Fwp%2Fv2%2Fmedia&parent=1692"}],"wp:term":[{"taxonomy":"product_brand","embeddable":true,"href":"https:\/\/papeleriaempresarial.com\/index.php?rest_route=%2Fwp%2Fv2%2Fproduct_brand&post=1692"},{"taxonomy":"product_cat","embeddable":true,"href":"https:\/\/papeleriaempresarial.com\/index.php?rest_route=%2Fwp%2Fv2%2Fproduct_cat&post=1692"},{"taxonomy":"product_tag","embeddable":true,"href":"https:\/\/papeleriaempresarial.com\/index.php?rest_route=%2Fwp%2Fv2%2Fproduct_tag&post=1692"}],"curies":[{"name":"wp","href":"https:\/\/api.w.org\/{rel}","templated":true}]}}